1
Suppose 0 = -v + 2 - 0. Suppose 0 = 7*j - 5 - 9. Suppose h + 4*p - j = v*p, 3*h - 4*p = 16. What is the highest common divisor of h and 20?
4
Let b(r) = -230*r + 368. Let a(z) = -51*z + 82. Let k(q) = -23*a(q) + 5*b(q). Let i be k(31). What is the greatest common factor of i and 46?
23
Suppose -4*z - 1 - 9 = -2*u, 0 = -z - 2. Let g be (-1)/u + (-19 - -39). Let v = 87 - -65. Calculate the highest common divisor of v and g.
19
Let q be 42/(-441) - 2543/(-21). What is the highest common factor of 5203 and q?
121
Let r = 1299 + -801. Let j be 132/55*4*(20/32 + 0). Calculate the highest common divisor of r and j.
6
Let c be (-512)/(-6) - (-61)/(-183). Suppose -5*l = -5*k - 4 + 49, -5*k - 4*l + 9 = 0. What is the highest common divisor of k and c?
5
Let x be 8/(-6)*-72 - (-2)/(-1). Suppose 0 = 4*m - x - 134. Suppose 25*i - m = 24*i. Calculate the greatest common factor of i and 38.
19
Suppose -4 = -b - 3*b. Let t be 65*(b + -4)*1/(-3). Let p be -4*(2/5 + t/(-100)). What is the greatest common factor of 7 and p?
1
Suppose -5*g + 2070 = 10*g. Let y = g + -82. What is the greatest common divisor of 280 and y?
56
Let a be 6/(-8) + 19/4. Suppose -b + 9 = a*g - 0*g, -5*g = 5*b. Suppose -k = -g, 3*k = -3*q + 6*q. What is the greatest common factor of 15 and q?
3
Let c be ((-7)/((-14)/174))/(-2 - (-65)/30). Calculate the highest common divisor of 243 and c.
9
Suppose 0 = 343*x - 355*x + 96. Calculate the highest common factor of x and 314.
2
Let x(d) = -21*d**3 - d**2 - 4*d - 7. Let a(p) = p**3 + 2*p**2 - 7*p + 2. Let c be a(-4). Let q be x(c). Calculate the highest common factor of 30 and q.
15
Let s be 2/((3 - 0)/((-36)/8)). Let f be s/27 - (-13468)/36. What is the highest common divisor of f and 34?
34
Let m be 4*((-6)/(-10) - 2950/125). Let j be 1/((180/m + 2)/31). Calculate the highest common divisor of 23 and j.
23
Let n = -4634 - -4648. Calculate the greatest common divisor of n and 17318.
14
Let f = 13899 + -7460. What is the highest common divisor of f and 47?
47
Let t = -26008 + 30195. Calculate the highest common factor of 636 and t.
53
Suppose -20 + 32 = 6*m. Suppose 67 = m*i - 3*k, 5*i + 3*k - 150 = 7*k. Let c = i + 16. Calculate the greatest common factor of 14 and c.
14
Let l(s) = -31*s + 3. Let g be l(-1). Let d be 93/13 + 14/(-91). Suppose 0 = 4*w - d*w + 153. Calculate the greatest common factor of g and w.
17
Suppose 2*p + 100344 = 3*k, -k + 13721 = -p - 19727. Calculate the greatest common factor of 74 and k.
74
Suppose 0 = 983*j - 940*j - 180858. Calculate the highest common divisor of j and 6.
6
Let r be 243/(-729)*36/(-1). Calculate the greatest common divisor of r and 84.
12
Let o = -96 - -244. Suppose 3*s + 5*x - 38 - 192 = 0, 2*s - o = -2*x. Calculate the greatest common factor of s and 28.
14
Let l(v) = -v**2 + 17*v - 61. Let x be l(11). Suppose 0 = 4*j + 3*s - 1, 5*j + 5*s + 7 = 2. Calculate the highest common divisor of j and x.
1
Let q(l) = 1560*l**2 - 90*l - 10. Let a be q(2). What is the greatest common divisor of a and 1694?
242
Suppose -c = -2*y - 160, 0 = 94*c - 98*c - y + 613. Suppose -5*k - 81 = -2*a, 3*a - 3*k - 89 = 10. What is the greatest common divisor of c and a?
14
Suppose -5*m = -5*r - 1375, 7*m - 11*m + 1076 = 4*r. What is the greatest common divisor of m and 34?
34
Suppose 9*w - 572 = -376 + 542. What is the highest common divisor of 1517 and w?
41
Let i be (2 - 1)*-1*(12 - 15). Suppose 2*y + t + 35 = -36, i*t = 2*y + 91. Let u be 1/5 + y/(-10). Calculate the greatest common factor of u and 12.
4
Let z(v) = -44*v**3 - v**2 + 11*v - 54. Let o be z(-9). What is the highest common divisor of o and 174?
174
Let o = 390 + -326. Let z be (0 - -4)/((-22)/(-3168)). Calculate the greatest common factor of o and z.
64
Let p(g) = 22*g - 33. Let a(q) = -1. Let d(n) = -2*a(n) + p(n). Let y be d(8). Calculate the greatest common divisor of 29 and y.
29
Let z be 6/60 - (-2)/(-20). Suppose -g - a = -75, 5*g + 0*a - 5*a - 425 = z. Suppose -5*q + 208 = -392. Calculate the greatest common factor of g and q.
40
Let k = -7885 + 7898. What is the greatest common divisor of 403 and k?
13
Suppose 124*h - 143*h + 12502 = 0. Calculate the highest common divisor of h and 5076.
94
Let v be -74 + (29/9 - 38/171). Let u(k) = k**2 + 21*k - 11. Let s be u(-11). Let h = v - s. What is the greatest common divisor of h and 2?
2
Suppose 5*b = -p - 3*p - 26, 5*b - 6 = 4*p. Let x be 1/(-2)*31*b. Let g be (-1)/(3/(-62))*12. What is the highest common divisor of x and g?
31
Let j = -1199 - -1200. Calculate the greatest common factor of j and 163.
1
Let m(c) = c**2 - 4. Let l be m(4). Let s be (33/(-44))/((-18)/(-48)). Let h be s/(8/(-99))*512/96. Calculate the greatest common factor of h and l.
12
Suppose 5*t - 15 = 15. Let k be (-2)/t + (-488)/12. Let o = -33 - k. Calculate the greatest common divisor of o and 28.
4
Let k = -8 - -10. Let y be ((-3)/k)/(17/(-34)). Suppose -8 = -y*v + 16. What is the highest common factor of v and 2?
2
Suppose 132 = 13*k + 2. Suppose -k*o = -5*o - 5. Let y(z) = 2*z - 1. Let i be y(o). What is the greatest common divisor of 5 and i?
1
Suppose 0 = 6*h - 3*h - 102. Suppose -4*n = 4*m - 3320, 6*m - 5*n + 40 = 5240. Calculate the greatest common divisor of m and h.
34
Suppose 28 = 4*r + 3*r. Suppose 4*m - 5 - 7 = p, 0 = r*m - 4*p. Suppose 8 = m*u - 0. Calculate the highest common divisor of u and 5.
1
Suppose -26 = -7*t + 37. Let v be (-6)/t*-6*(6 - -2). What is the greatest common divisor of 16 and v?
16
Let h(u) = 64*u**2 - 3*u + 2. Let c be h(2). Suppose 62*d - 120 = 58*d - 8*b, -3*b = -3. What is the greatest common divisor of c and d?
28
Let a = 499 + -192. Let m = -288 + a. Calculate the highest common factor of 1 and m.
1
Let r = -89 + 94. Suppose r*j - 23*j = -36. What is the highest common divisor of j and 166?
2
Let q = -67931 - -67948. Let m(t) = 52*t - 1. Let a be m(1). What is the highest common factor of a and q?
17
Let m(j) = -53*j**3 + 13*j**2 - 2*j. Let t be m(-3). What is the greatest common factor of 168 and t?
42
Let n(o) = -553*o - 49. Let q be n(-7). Calculate the greatest common divisor of q and 42.
42
Suppose 5*o - 4718 = -12*v + 13*v, 3*v = 4*o - 3781. Calculate the highest common divisor of o and 23.
23
Suppose -2021 = 16*x - 437. Let f = -19 - x. What is the greatest common divisor of 5 and f?
5
Suppose -7*m = 438 - 1236. Let k = m - 86. Calculate the highest common divisor of k and 12.
4
Suppose -22*a = 137 - 5. Let k(h) = h**3 + 9*h**2 + 11*h + 11. Let i be k(a). Calculate the highest common divisor of i and 371.
53
Suppose -5*l = 5*z - 0*z - 570, 2*z - 213 = -5*l. Let y be -6*-4*z/21. What is the highest common divisor of 17 and y?
17
Suppose 0 = 15*r + 2 - 47. Let h(x) = x**2 - 11*x + 33. Let y be h(r). What is the highest common factor of 99 and y?
9
Let n = 26314 + -19630. What is the greatest common factor of 8 and n?
4
Let d(v) = v**3 + 60*v**2 + 483*v - 266. Let x be d(-46). Calculate the highest common factor of x and 300.
60
Let t = -464 - -468. Let k be (4/10)/((-7)/(-70)). What is the highest common divisor of k and t?
4
Let w be (-4)/16 + (-5 - 33/(-4)). Suppose 0 = w*x - 5*u - 61, -5*u + 49 = -7*x + 9*x. Calculate the highest common divisor of 242 and x.
22
Suppose 0 = -2*t + 10, 107*o - 2400 = 102*o - 5*t. Calculate the greatest common factor of 38 and o.
19
Suppose -4*o - o + 5*n + 25 = 0, 0 = 3*o - 2*n - 14. Suppose -w - 7*i = -2*i - 87, -3*w = o*i - 206. What is the highest common divisor of 62 and w?
62
Let w = -6618 + 6660. Calculate the greatest common divisor of w and 2114.
14
Let w be (-24*(-230)/(-100))/((-2)/15). Suppose 0 = 27*f - w - 153. What is the highest common factor of f and 84?
21
Suppose 50503 - 50754 + 171670 = 29*m. What is the highest common divisor of 23 and m?
23
Let n(r) = r**2 - 2. Let l be n(4). Let p be (-18606)/(-442) - 43/(-731) - (-2)/(-13). Calculate the highest common divisor of l and p.
14
Suppose j - 5*w = 59 - 73, j = 3*w - 6. Let r be j*((-3)/(-5))/((-40)/(-200)). Calculate the highest common divisor of r and 225.
9
Suppose 0 = 37*f - 5819 + 269. Let p be (-328)/(-11) - ((-84)/(-22) - 4). What is the highest common factor of f and p?
30
Let o = 321 - -107. Suppose o*s - 431*s + 588 = 0. What is the highest common factor of 84 and s?
28
